Select a Year or Month report
Report for 2024 Jul Monthly Climatological Summary for Jul. 2024 Name: Crafers Weather Station City: Crafers State: SA Elevation: 500 m Lat: S 34 59 21 Lon: E 138 43 40 Temperature (°C), Rain (mm), Wind Speed (km/h) Heat Cool Avg Mean Deg Deg Wind Dom Day Temp High Time Low Time Days Days Rain Speed High Time Dir ---------------------------------------------------------------------------------- 01 5.7 9.5 13:28 2.3 07:04 12.6 0.0 0.2 0.6 9.7 15:10 SE 02 4.6 9.1 11:54 2.3 05:37 13.7 0.0 0.1 1.2 13.3 09:47 ESE 03 6.1 10.7 12:59 3.9 04:57 12.2 0.0 0.0 1.6 14.8 12:21 ESE 04 7.9 12.4 12:46 5.4 06:18 10.4 0.0 0.0 5.1 24.5 08:07 ESE 05 9.6 13.2 13:01 6.3 05:56 8.7 0.0 0.0 6.9 27.0 20:50 ESE 06 9.6 13.9 12:26 6.9 06:02 8.7 0.0 0.0 4.9 24.5 13:41 ESE 07 9.2 10.0 11:02 7.7 09:11 9.1 0.0 1.2 2.3 20.9 17:31 ESE 08 9.7 10.5 10:47 9.0 02:57 8.7 0.0 4.4 1.1 11.2 14:32 S 09 8.4 15.1 12:03 5.4 01:04 9.9 0.0 0.2 0.4 12.2 08:33 SSE 10 10.6 14.1 12:45 8.3 06:27 7.7 0.0 15.0 4.3 24.5 05:45 ESE 11 8.4 10.3 15:22 7.0 22:53 9.9 0.0 7.5 1.1 22.0 09:27 SSE 12 8.9 10.1 14:10 6.6 07:23 9.4 0.0 4.0 0.8 13.3 11:57 S 13 8.4 11.4 12:31 6.0 06:26 9.9 0.0 1.7 0.4 7.2 09:34 S 14 7.4 11.9 12:44 5.4 05:08 10.9 0.0 1.7 1.0 12.2 12:30 SW 15 6.5 8.5 14:04 5.2 06:47 11.8 0.0 3.2 2.9 14.8 12:06 SSW 16 6.7 9.9 12:39 5.3 00:00 11.6 0.0 1.4 2.8 14.8 11:18 SSW 17 7.1 9.4 13:18 5.0 07:39 11.2 0.0 4.8 1.8 19.4 14:20 SSW 18 7.6 9.9 12:52 6.0 09:00 10.7 0.0 0.2 3.5 22.0 03:56 SE 19 7.0 8.7 08:56 5.4 02:13 11.3 0.0 18.9 5.2 27.0 23:14 SSE 20 9.4 10.6 11:38 8.7 09:00 8.9 0.0 1.3 3.0 18.4 14:54 S 21 9.3 10.2 14:10 8.1 07:25 9.0 0.0 1.7 2.8 19.4 19:00 SE 22 9.8 13.0 14:08 7.3 23:30 8.5 0.0 0.0 2.6 18.4 13:33 SE 23 12.2 15.8 12:55 9.7 09:00 6.1 0.0 0.0 4.3 25.6 07:02 ESE 24 12.0 17.7 13:14 7.4 07:37 6.3 0.0 11.9 4.1 24.5 13:59 SE 25 9.1 10.8 08:51 7.8 22:31 9.2 0.0 0.8 3.6 20.9 13:13 SE 26 9.7 13.7 11:43 6.1 07:14 8.6 0.0 9.6 3.7 22.0 14:11 SE 27 5.6 10.0 13:21 3.1 01:19 12.7 0.0 0.3 1.4 23.4 16:23 SW 28 5.5 11.7 12:33 2.5 06:55 12.8 0.0 0.0 0.3 9.7 12:36 SSW 29 7.2 12.0 13:14 0.0 18:52 11.1 0.0 0.0 1.2 11.2 13:04 ESE 30 9.1 15.3 13:30 6.3 19:38 9.2 0.0 0.0 1.0 17.3 12:17 ESE 31 9.9 16.9 13:50 6.3 05:25 8.4 0.0 0.0 0.6 11.2 12:25 SE ---------------------------------------------------------------------------------- 8.3 17.7 24 0.0 29 309.2 0.0 90.1 2.5 27.0 5 SE Max >= 40.0 0 Max <= 25.0 31 Min <= 16.0 31 Min <= 5.0 7 Max Rain: 18.9 on day 19 Days of Rain: 20 (>= 0.2 mm) 9 (>= 2.0 mm) 0 (>= 20.0 mm) Heat Base: 18.3 Cool Base: 18.3 Method: Integration |